{"id":120201,"date":"2026-03-05T17:02:38","date_gmt":"2026-03-05T16:02:38","guid":{"rendered":"https:\/\/rideandco.com\/giant\/?post_type=product&#038;p=120201"},"modified":"2026-05-13T06:00:14","modified_gmt":"2026-05-13T04:00:14","slug":"anthem-advanced-sl-0","status":"publish","type":"product","link":"https:\/\/rideandco.com\/giant\/giant\/anthem\/anthem-advanced-sl-0\/","title":{"rendered":"Anthem Advanced SL 0"},"content":{"rendered":"\n<h2 class=\"wp-block-heading\">Anthem Advanced SL 0 : Par\u00e9 pour la course<\/h2>\n\n\n\n<p>Con\u00e7u pour accompagner le coureur professionnel Giant Alan Hatherly vers la victoire au Championnat du Monde XCO \u00c9lite Hommes 2025, ce v\u00e9lo en composite ultra-l\u00e9ger int\u00e8gre un syst\u00e8me de suspension arri\u00e8re FlexPoint Pro semi-int\u00e9gr\u00e9 offrant 120 mm de d\u00e9battement. Un flip chip permet \u00e9galement d\u2019adapter la g\u00e9om\u00e9trie du v\u00e9lo en fonction des caract\u00e9ristiques du parcours.<\/p>\n\n\n\n<h4 class=\"wp-block-heading\">Facteurs cl\u00e9s de performance<\/h4>\n\n\n\n<p>CONTR\u00d4LE TOTAL<br>La suspension FlexPoint Pro d\u00e9livre 120 mm de d\u00e9battement arri\u00e8re, souple et actif, associ\u00e9e \u00e0 une fourche de 120 mm. Cette configuration facilite l\u2019engagement dans les descentes techniques tout en permettant de grimper efficacement dans les mont\u00e9es exigeantes. Gr\u00e2ce au flip chip, la g\u00e9om\u00e9trie et la maniabilit\u00e9 peuvent \u00eatre ajust\u00e9es selon le type de terrain. Les roues Giant, tr\u00e8s l\u00e9g\u00e8res et propos\u00e9es en composite ou en aluminium selon la version, int\u00e8grent un moyeu \u00e0 rochet h\u00e9lico\u00efdal de nouvelle g\u00e9n\u00e9ration \u00e0 120 dents pour une transmission de puissance instantan\u00e9e. Les jantes b\u00e9n\u00e9ficient \u00e9galement de flancs renforc\u00e9s de 5 mm afin d\u2019am\u00e9liorer la r\u00e9sistance aux impacts et de limiter les risques de crevaison.<\/p>\n\n\n\n<p>R\u00c9ACTIVIT\u00c9 ABSOLUE<br>Enti\u00e8rement redessin\u00e9, le cadre gagne 89 grammes par rapport \u00e0 la g\u00e9n\u00e9ration pr\u00e9c\u00e9dente et affiche un rapport rigidit\u00e9\/poids am\u00e9lior\u00e9 de 7,95 %, favorisant des ascensions plus efficaces et une meilleure exploitation de chaque watt. Les roues ainsi que les ensembles cintre-potence sont pens\u00e9s pour maximiser le rendement et offrir une r\u00e9ponse imm\u00e9diate aux sollicitations du pilote. L\u2019amortisseur arri\u00e8re, d\u00e9sormais repositionn\u00e9 et semi-int\u00e9gr\u00e9 sous le tube sup\u00e9rieur, contribue \u00e0 r\u00e9duire le poids global tout en lib\u00e9rant de l\u2019espace pour l\u2019installation d\u2019un second porte-bidon.<\/p>\n\n\n\n<p>INT\u00c9GRATION<br>Le nouveau combo cintre-potence am\u00e9liore l\u2019absorption des chocs et des vibrations, ce qui renforce le contr\u00f4le et le confort au niveau des mains. Il est propos\u00e9 en deux versions : le mod\u00e8le en composite Contact SLR XC et la version en aluminium Contact SL XC. Tous deux disposent du m\u00eame passage interne des c\u00e2bles et de dimensions polyvalentes, avec une largeur standard de 780 mm et des longueurs de potence allant de 50 \u00e0 80 mm.<\/p>\n\n\n\n<h2 class=\"wp-block-heading\">La gamme Anthem<\/h2>\n\n\n<div id=\"product-slider-6a04aa1816b62\" class=\"product-grid-custom-slider\"><div class=\"slider-wrapper\"><div class=\"slider-slide\"><!-- Valeur r\u00e9cup\u00e9r\u00e9e : PROMO --><li style=\"padding-left: 0px;\n    margin-bottom: 10px;\" class=\"custom-product-card no-before product type-product post-120285 status-publish first outofstock product_cat-anthem product_cat-giant product_cat-tout-suspendu product_cat-vtt has-post-thumbnail sold-individually taxable shipping-taxable purchasable product-type-variable\">\n    <div class=\"custom-product-card-content\">\n                <div class=\"product-image\">\n                            <a href=\"https:\/\/rideandco.com\/giant\/giant\/anthem\/anthem-advanced-sl-3\/\">\n                    <img decoding=\"async\" src=\"https:\/\/rideandco.com\/giant\/wp-content\/uploads\/2026\/03\/anthemadvsl3.jpg\" alt=\"Anthem Advanced SL 3\">\n                <\/a>\n                    <\/div>\n        <div class=\"product-info\">\n            <h2 class=\"woocommerce-loop-product__title\">\n                <a href=\"https:\/\/rideandco.com\/giant\/giant\/anthem\/anthem-advanced-sl-3\/\" >Anthem Advanced SL 3<\/a>\n            <\/h2>\n                            <p class=\"product-type-de-velo\">VTT | GIANT <\/p>\n                       \n            <div class=\"product-icons\">\n                                                                    <div class=\"icon-wrapper first-item\">\n                        <img decoding=\"async\" src=\"https:\/\/rideandco.com\/giant\/wp-content\/themes\/rideandco\/src\/img\/icons\/poids.svg\" alt=\"Weight Icon\" class=\"icon-with-tooltip\">\n                        <div class=\"tooltip custom-tooltip\">11.7kg en taille M <\/div>\n                    <\/div>\n                                                                        <div class=\"icon-wrapper \">\n                        <img decoding=\"async\" src=\"https:\/\/rideandco.com\/giant\/wp-content\/themes\/rideandco\/src\/img\/icons\/type_de_jantes.svg\" alt=\"Jantes Icon\" class=\"icon-with-tooltip\">\n                        <div class=\"tooltip custom-tooltip\">Aluminium <\/div>\n                    <\/div>\n                                                                <\/div>           \n            <!-- Ajouter le tarif du produit ici -->\n            <!-- Affichage du prix -->\n            <div class=\"product-price-container\">\n                <div class=\"product-price-wrapper\">\n                    <span class=\"current-price\">4 500,00 \u20ac<sup>TTC<\/sup><\/span>                <\/div>\n\n                <!-- Affichage du financement mensuel -->\n                <div class=\"product-financing\">\n                    D\u00e8s <span class=\"monthly-paymentlist\">375\u20ac\/mois<\/span> financement sur 12 mois                <\/div>\n            <\/div>\n\n            <!-- Ajoutez ici vos options suppl\u00e9mentaires -->\n            <div class=\"product-options\">\n                <a href=\"https:\/\/rideandco.com\/giant\/giant\/anthem\/anthem-advanced-sl-3\/\" class=\"clickable-link\">\n                    Voir ce v\u00e9lo\n                    <img decoding=\"async\" src=\"https:\/\/rideandco.com\/giant\/wp-content\/themes\/rideandco\/src\/img\/icons\/fleche-droite-verte.svg\" alt=\"Fl\u00e8che droite\" class=\"arrow-icon\">\n                <\/a>\n                <div class=\"product-compare\" data-id=\"120285\">\n                    <a href=\"javascript:addToComparator(120285)\"\n                        class=\"link-add \">\n                        <img decoding=\"async\" src=\"https:\/\/rideandco.com\/giant\/wp-content\/themes\/rideandco\/src\/img\/icons\/ajouter_au_comparateur.svg\"\n                            alt=\"Ajouter au comparateur\"\n                        \/>\n                    <\/a>\n                    <a href=\"javascript:removeFromComparator(120285)\"\n                        class=\"link-remove hidden\">\n                        <img decoding=\"async\" src=\"https:\/\/rideandco.com\/giant\/wp-content\/themes\/rideandco\/src\/img\/icons\/retirer_du_comparateur_rouge.svg\"\n                            alt=\"Retirer du comparateur\"\n                        \/>\n                    <\/a>\n                    <span class=\"tooltip tooltip-add \">\n                        Ajouter au comparateur\n                    <\/span>\n                    <span class=\"tooltip tooltip-remove hidden\">\n                        Retirer du comparateur\n                    <\/span>\n                <\/div>\n            <\/div>\n        <\/div>\n    <\/div>\n<\/li><!-- Valeur r\u00e9cup\u00e9r\u00e9e : PROMO --><li style=\"padding-left: 0px;\n    margin-bottom: 10px;\" class=\"custom-product-card no-before product type-product post-120258 status-publish outofstock product_cat-anthem product_cat-giant product_cat-tout-suspendu product_cat-vtt has-post-thumbnail sold-individually taxable shipping-taxable purchasable product-type-variable\">\n    <div class=\"custom-product-card-content\">\n                <div class=\"product-image\">\n                            <div id=\"carousel-120258\" class=\"carousel\" data-product-id=\"120258\">\n                    <div class=\"carousel-inner\">\n                        <div class=\"carousel-item active\">\n                            <a href=\"https:\/\/rideandco.com\/giant\/giant\/anthem\/anthem-advanced-sl-2\/\">\n                                <img decoding=\"async\" src=\"https:\/\/rideandco.com\/giant\/wp-content\/uploads\/2026\/03\/anthemadvsl2.jpg\" alt=\"Anthem Advanced SL 2\">\n                            <\/a>\n                        <\/div>\n                                                    <div class=\"carousel-item\">\n                                <a href=\"https:\/\/rideandco.com\/giant\/giant\/anthem\/anthem-advanced-sl-2\/\">\n                                    <img decoding=\"async\" src=\"https:\/\/rideandco.com\/giant\/wp-content\/uploads\/2026\/03\/anthemadvsl22.jpg\" alt=\"Anthem Advanced SL 2\">\n                                <\/a>\n                            <\/div>\n                                                    <div class=\"carousel-item\">\n                                <a href=\"https:\/\/rideandco.com\/giant\/giant\/anthem\/anthem-advanced-sl-2\/\">\n                                    <img decoding=\"async\" src=\"https:\/\/rideandco.com\/giant\/wp-content\/uploads\/2026\/03\/anthemadvsl222.jpg\" alt=\"Anthem Advanced SL 2\">\n                                <\/a>\n                            <\/div>\n                                            <\/div>\n                    <button class=\"carousel-control-prev\" data-target=\"#carousel-120258\" aria-label=\"Previous\">\n                        <img decoding=\"async\" src=\"https:\/\/rideandco.com\/giant\/wp-content\/themes\/rideandco\/src\/img\/icons\/fleche-gauche-blanche.svg\" alt=\"Pr\u00e9c\u00e9dent\" style=\"width: 60px; height: 60px;\">\n                    <\/button>\n                    <button class=\"carousel-control-next\" data-target=\"#carousel-120258\" aria-label=\"Next\">\n                        <img decoding=\"async\" src=\"https:\/\/rideandco.com\/giant\/wp-content\/themes\/rideandco\/src\/img\/icons\/fleche-droite-blanche.svg\" alt=\"Suivant\" style=\"width: 60px; height: 60px;\">\n                    <\/button>\n                <\/div>\n                <div class=\"carousel-indicators\" data-target=\"#carousel-120258\">\n                    <span class=\"active\"><\/span>\n                                            <span><\/span>\n                                            <span><\/span>\n                                    <\/div>\n                    <\/div>\n        <div class=\"product-info\">\n            <h2 class=\"woocommerce-loop-product__title\">\n                <a href=\"https:\/\/rideandco.com\/giant\/giant\/anthem\/anthem-advanced-sl-2\/\" >Anthem Advanced SL 2<\/a>\n            <\/h2>\n                            <p class=\"product-type-de-velo\">VTT | GIANT <\/p>\n                       \n            <div class=\"product-icons\">\n                                                                    <div class=\"icon-wrapper first-item\">\n                        <img decoding=\"async\" src=\"https:\/\/rideandco.com\/giant\/wp-content\/themes\/rideandco\/src\/img\/icons\/poids.svg\" alt=\"Weight Icon\" class=\"icon-with-tooltip\">\n                        <div class=\"tooltip custom-tooltip\">11.2kg en taille M <\/div>\n                    <\/div>\n                                                                        <div class=\"icon-wrapper \">\n                        <img decoding=\"async\" src=\"https:\/\/rideandco.com\/giant\/wp-content\/themes\/rideandco\/src\/img\/icons\/type_de_jantes.svg\" alt=\"Jantes Icon\" class=\"icon-with-tooltip\">\n                        <div class=\"tooltip custom-tooltip\">Aluminium <\/div>\n                    <\/div>\n                                                                <\/div>           \n            <!-- Ajouter le tarif du produit ici -->\n            <!-- Affichage du prix -->\n            <div class=\"product-price-container\">\n                <div class=\"product-price-wrapper\">\n                    <span class=\"current-price\">5 800,00 \u20ac<sup>TTC<\/sup><\/span>                <\/div>\n\n                <!-- Affichage du financement mensuel -->\n                <div class=\"product-financing\">\n                    D\u00e8s <span class=\"monthly-paymentlist\">483\u20ac\/mois<\/span> financement sur 12 mois                <\/div>\n            <\/div>\n\n            <!-- Ajoutez ici vos options suppl\u00e9mentaires -->\n            <div class=\"product-options\">\n                <a href=\"https:\/\/rideandco.com\/giant\/giant\/anthem\/anthem-advanced-sl-2\/\" class=\"clickable-link\">\n                    Voir ce v\u00e9lo\n                    <img decoding=\"async\" src=\"https:\/\/rideandco.com\/giant\/wp-content\/themes\/rideandco\/src\/img\/icons\/fleche-droite-verte.svg\" alt=\"Fl\u00e8che droite\" class=\"arrow-icon\">\n                <\/a>\n                <div class=\"product-compare\" data-id=\"120258\">\n                    <a href=\"javascript:addToComparator(120258)\"\n                        class=\"link-add \">\n                        <img decoding=\"async\" src=\"https:\/\/rideandco.com\/giant\/wp-content\/themes\/rideandco\/src\/img\/icons\/ajouter_au_comparateur.svg\"\n                            alt=\"Ajouter au comparateur\"\n                        \/>\n                    <\/a>\n                    <a href=\"javascript:removeFromComparator(120258)\"\n                        class=\"link-remove hidden\">\n                        <img decoding=\"async\" src=\"https:\/\/rideandco.com\/giant\/wp-content\/themes\/rideandco\/src\/img\/icons\/retirer_du_comparateur_rouge.svg\"\n                            alt=\"Retirer du comparateur\"\n                        \/>\n                    <\/a>\n                    <span class=\"tooltip tooltip-add \">\n                        Ajouter au comparateur\n                    <\/span>\n                    <span class=\"tooltip tooltip-remove hidden\">\n                        Retirer du comparateur\n                    <\/span>\n                <\/div>\n            <\/div>\n        <\/div>\n    <\/div>\n<\/li><!-- Valeur r\u00e9cup\u00e9r\u00e9e : PROMO --><li style=\"padding-left: 0px;\n    margin-bottom: 10px;\" class=\"custom-product-card no-before product type-product post-120208 status-publish last instock product_cat-anthem product_cat-giant product_cat-tout-suspendu product_cat-vtt has-post-thumbnail sold-individually taxable shipping-taxable purchasable product-type-variable\">\n    <div class=\"custom-product-card-content\">\n                <div class=\"product-image\">\n                            <div id=\"carousel-120208\" class=\"carousel\" data-product-id=\"120208\">\n                    <div class=\"carousel-inner\">\n                        <div class=\"carousel-item active\">\n                            <a href=\"https:\/\/rideandco.com\/giant\/giant\/anthem\/anthem-advanced-sl-1\/\">\n                                <img decoding=\"async\" src=\"https:\/\/rideandco.com\/giant\/wp-content\/uploads\/2026\/03\/anthemadvsl1.jpg\" alt=\"Anthem Advanced SL 1\">\n                            <\/a>\n                        <\/div>\n                                                    <div class=\"carousel-item\">\n                                <a href=\"https:\/\/rideandco.com\/giant\/giant\/anthem\/anthem-advanced-sl-1\/\">\n                                    <img decoding=\"async\" src=\"https:\/\/rideandco.com\/giant\/wp-content\/uploads\/2026\/03\/anthemadvsl11.jpg\" alt=\"Anthem Advanced SL 1\">\n                                <\/a>\n                            <\/div>\n                                                    <div class=\"carousel-item\">\n                                <a href=\"https:\/\/rideandco.com\/giant\/giant\/anthem\/anthem-advanced-sl-1\/\">\n                                    <img decoding=\"async\" src=\"https:\/\/rideandco.com\/giant\/wp-content\/uploads\/2026\/03\/anthemadvsl111.jpg\" alt=\"Anthem Advanced SL 1\">\n                                <\/a>\n                            <\/div>\n                                            <\/div>\n                    <button class=\"carousel-control-prev\" data-target=\"#carousel-120208\" aria-label=\"Previous\">\n                        <img decoding=\"async\" src=\"https:\/\/rideandco.com\/giant\/wp-content\/themes\/rideandco\/src\/img\/icons\/fleche-gauche-blanche.svg\" alt=\"Pr\u00e9c\u00e9dent\" style=\"width: 60px; height: 60px;\">\n                    <\/button>\n                    <button class=\"carousel-control-next\" data-target=\"#carousel-120208\" aria-label=\"Next\">\n                        <img decoding=\"async\" src=\"https:\/\/rideandco.com\/giant\/wp-content\/themes\/rideandco\/src\/img\/icons\/fleche-droite-blanche.svg\" alt=\"Suivant\" style=\"width: 60px; height: 60px;\">\n                    <\/button>\n                <\/div>\n                <div class=\"carousel-indicators\" data-target=\"#carousel-120208\">\n                    <span class=\"active\"><\/span>\n                                            <span><\/span>\n                                            <span><\/span>\n                                    <\/div>\n                    <\/div>\n        <div class=\"product-info\">\n            <h2 class=\"woocommerce-loop-product__title\">\n                <a href=\"https:\/\/rideandco.com\/giant\/giant\/anthem\/anthem-advanced-sl-1\/\" >Anthem Advanced SL 1<\/a>\n            <\/h2>\n                            <p class=\"product-type-de-velo\">VTT | GIANT <\/p>\n                       \n            <div class=\"product-icons\">\n                                                                    <div class=\"icon-wrapper first-item\">\n                        <img decoding=\"async\" src=\"https:\/\/rideandco.com\/giant\/wp-content\/themes\/rideandco\/src\/img\/icons\/poids.svg\" alt=\"Weight Icon\" class=\"icon-with-tooltip\">\n                        <div class=\"tooltip custom-tooltip\">10.4kg en taille M <\/div>\n                    <\/div>\n                                                                        <div class=\"icon-wrapper \">\n                        <img decoding=\"async\" src=\"https:\/\/rideandco.com\/giant\/wp-content\/themes\/rideandco\/src\/img\/icons\/type_de_jantes.svg\" alt=\"Jantes Icon\" class=\"icon-with-tooltip\">\n                        <div class=\"tooltip custom-tooltip\">Carbone <\/div>\n                    <\/div>\n                                                                <\/div>           \n            <!-- Ajouter le tarif du produit ici -->\n            <!-- Affichage du prix -->\n            <div class=\"product-price-container\">\n                <div class=\"product-price-wrapper\">\n                    <span class=\"current-price\">7 800,00 \u20ac<sup>TTC<\/sup><\/span>                <\/div>\n\n                <!-- Affichage du financement mensuel -->\n                <div class=\"product-financing\">\n                    D\u00e8s <span class=\"monthly-paymentlist\">650\u20ac\/mois<\/span> financement sur 12 mois                <\/div>\n            <\/div>\n\n            <!-- Ajoutez ici vos options suppl\u00e9mentaires -->\n            <div class=\"product-options\">\n                <a href=\"https:\/\/rideandco.com\/giant\/giant\/anthem\/anthem-advanced-sl-1\/\" class=\"clickable-link\">\n                    Voir ce v\u00e9lo\n                    <img decoding=\"async\" src=\"https:\/\/rideandco.com\/giant\/wp-content\/themes\/rideandco\/src\/img\/icons\/fleche-droite-verte.svg\" alt=\"Fl\u00e8che droite\" class=\"arrow-icon\">\n                <\/a>\n                <div class=\"product-compare\" data-id=\"120208\">\n                    <a href=\"javascript:addToComparator(120208)\"\n                        class=\"link-add \">\n                        <img decoding=\"async\" src=\"https:\/\/rideandco.com\/giant\/wp-content\/themes\/rideandco\/src\/img\/icons\/ajouter_au_comparateur.svg\"\n                            alt=\"Ajouter au comparateur\"\n                        \/>\n                    <\/a>\n                    <a href=\"javascript:removeFromComparator(120208)\"\n                        class=\"link-remove hidden\">\n                        <img decoding=\"async\" src=\"https:\/\/rideandco.com\/giant\/wp-content\/themes\/rideandco\/src\/img\/icons\/retirer_du_comparateur_rouge.svg\"\n                            alt=\"Retirer du comparateur\"\n                        \/>\n                    <\/a>\n                    <span class=\"tooltip tooltip-add \">\n                        Ajouter au comparateur\n                    <\/span>\n                    <span class=\"tooltip tooltip-remove hidden\">\n                        Retirer du comparateur\n                    <\/span>\n                <\/div>\n            <\/div>\n        <\/div>\n    <\/div>\n<\/li><\/div><\/div><\/div>","protected":false},"excerpt":{"rendered":"<p>Explosez vos records sur les singles tracks avec le tout nouvel Anthem Advanced 0.<\/p>\n","protected":false},"featured_media":120202,"comment_status":"closed","ping_status":"closed","template":"","meta":{"_acf_changed":true},"product_brand":[],"product_cat":[532,478,504,502],"product_tag":[],"discipline":[557],"class_list":{"0":"post-120201","1":"product","2":"type-product","3":"status-publish","4":"has-post-thumbnail","6":"product_cat-anthem","7":"product_cat-giant","8":"product_cat-tout-suspendu","9":"product_cat-vtt","11":"first","12":"outofstock","13":"sold-individually","14":"taxable","15":"shipping-taxable","16":"purchasable","17":"product-type-variable"},"acf":{"infos_globales":{"nom_produit":"Anthem Advanced SL 0","marque_velo":"GIANT","annee":2026,"type_de_velo":"VTT","assitance_velo":"V\u00e9lo musculaire","garantie_produit":"Cadre : \u00e0 vie \/ Composants, transmission et p\u00e9riph\u00e9riques : 2 ans","genre_du_produit":"unisexe","assurance_incluse":true,"taille__en_cm":""},"cadre_velo":{"forme_du_cadre":"Haut","cadre":"Triangles avant et arri\u00e8re en composite de qualit\u00e9 SL avanc\u00e9e, suspension FlexPoint Pro de 120 mm, puce de r\u00e9glage, axe traversant de 12 x 148 mm","matiere_du_cadre":["Carbone"],"marque_de_la_fourche":"Rockshox","fourche":"RockShox Sid Ultimate 3P, d\u00e9battement de 120 mm, amortisseur Charger Race Day 2, axe Boost 15x110, d\u00e9port de 44 mm, blocage au guidon, syst\u00e8me TwistLoc Ultimate","amortisseur":"RockShox SidLuxe Ultimate, amortisseur RL, Solo Air, 210\/50, TwistLoc Ultimate"},"systeme_moteur":{"moteur":"","batterie":"","details-batterie":"","simulateur_autonomie":"","autonomie":"","compteur":"","chargeur":""},"transmission":{"type_de_transmission":"electrique","Manettes_commandes_de_vitesse":"SRAM AXS Pod, 1x12","type_de_pedalier":"SRAM XX SL Eagle avec capteur de puissance Quark, 34 dents, ligne de cha\u00eene de 55 mm, tailles S : 170 mm, M : 170 mm, L : 175 mm, XL : 175 mm","derailleur_avant":"","derailleur_arriere":" SRAM XX SL Eagle","type_de_cassette":"SRAM XS 1297 Eagle, 10x52","type_de_chaine":"SRAM XX Eagle"},"type_de_freins":{"frein_av":"SRAM Motive ULT, hydraulique, disques SRAM HS2 \u00e0 6 trous 180mm","frein_ar":"SRAM Motive ULT, hydraulique, disques SRAM HS2 \u00e0 6 trous 160mm"},"roues":{"type-de-roues":"","type_de_jantes":" Giant XCR","matiere_jantes":"Carbone","pneus":"Maxxis Aspen 29x2.4, pliable, 120 tpi, MaxxSpeed, EXO, tubeless","moyeu_av":"Giant VTT en alliage, 6 boulons,","moyeu_ar":"Giant VTT en alliage, 6 boulons"},"cockpit_poste_de_pilotage":{"type_de_guidon":"Giant int\u00e9gr\u00e9 XC, composite, 780 mm, angle de courbure vers le haut de 9 degr\u00e9s","type_de_potence":"Giant int\u00e9gr\u00e9e XC Carbon S:60mm, M:70mm, L:70mm, XL:80mm","type_de_selle":"Giant Grit SL","type_de_tige_de_selle":"Tige de selle t\u00e9lescopique Giant Contact Switch SL (2 positions), commande au guidon. Taille S : d\u00e9battement de 110 mm \/ 30,9 x 340 mm. Tailles M\/L\/XL : d\u00e9battement de 140 mm \/ 30,9 x 390 mm","type_de_collier_de_selle":"","type_de_poignees":"SRAM TwistLoc Ultimate"},"particularite_du_velo":{"type_de_pedales":"","accessoires_du_velo":"Compatible tubeless, taille de pneu max. 2,4\", taille de plateau max. 34 dents, guide-cha\u00eene MRP 1x CS","poids":"9.9kg en taille M","poids_total_autorise":""}},"_links":{"self":[{"href":"https:\/\/rideandco.com\/giant\/wp-json\/wp\/v2\/product\/120201","targetHints":{"allow":["GET"]}}],"collection":[{"href":"https:\/\/rideandco.com\/giant\/wp-json\/wp\/v2\/product"}],"about":[{"href":"https:\/\/rideandco.com\/giant\/wp-json\/wp\/v2\/types\/product"}],"replies":[{"embeddable":true,"href":"https:\/\/rideandco.com\/giant\/wp-json\/wp\/v2\/comments?post=120201"}],"wp:featuredmedia":[{"embeddable":true,"href":"https:\/\/rideandco.com\/giant\/wp-json\/wp\/v2\/media\/120202"}],"wp:attachment":[{"href":"https:\/\/rideandco.com\/giant\/wp-json\/wp\/v2\/media?parent=120201"}],"wp:term":[{"taxonomy":"product_brand","embeddable":true,"href":"https:\/\/rideandco.com\/giant\/wp-json\/wp\/v2\/product_brand?post=120201"},{"taxonomy":"product_cat","embeddable":true,"href":"https:\/\/rideandco.com\/giant\/wp-json\/wp\/v2\/product_cat?post=120201"},{"taxonomy":"product_tag","embeddable":true,"href":"https:\/\/rideandco.com\/giant\/wp-json\/wp\/v2\/product_tag?post=120201"},{"taxonomy":"discipline","embeddable":true,"href":"https:\/\/rideandco.com\/giant\/wp-json\/wp\/v2\/discipline?post=120201"}],"curies":[{"name":"wp","href":"https:\/\/api.w.org\/{rel}","templated":true}]}}