{"id":118040,"date":"2025-03-08T12:38:15","date_gmt":"2025-03-08T11:38:15","guid":{"rendered":"https:\/\/rideandco.com\/giant\/?post_type=product&#038;p=118040"},"modified":"2026-05-13T06:00:39","modified_gmt":"2026-05-13T04:00:39","slug":"liv-velo-tout-chemin-rove-2","status":"publish","type":"product","link":"https:\/\/rideandco.com\/giant\/liv\/liv-velo-tout-chemin-rove-2\/","title":{"rendered":"Rove 2"},"content":{"rendered":"\n<h2 class=\"wp-block-heading\">Rove 2 : O\u00f9 vous voulez, quand vous voulez<\/h2>\n\n\n\n<p>Pr\u00eat pour l\u2019aventure<br>Sa fourche suspendue offre davantage de confort et un contr\u00f4le optimal, que ce soit sur la route ou en explorant les sentiers.<\/p>\n\n\n\n<p>Stabilit\u00e9 et confiance<br>\u00c9quip\u00e9 de freins \u00e0 disque puissants et r\u00e9actifs, il garantit un freinage efficace, m\u00eame sous la pluie, pour rouler en toute s\u00e9r\u00e9nit\u00e9.<\/p>\n\n\n\n<p>Con\u00e7u pour le quotidien<br>Gr\u00e2ce \u00e0 son cadre \u00e0 enjambement bas et \u00e0 ses supports int\u00e9gr\u00e9s pour porte-bagages, monter et descendre du v\u00e9lo devient simple et pratique.<\/p>\n\n\n\n<p>Cadre en aluminium ALUXX<br>Fabriqu\u00e9 en alliage 6061 avec tubes \u00e0 simple aboutement, il combine l\u00e9g\u00e8ret\u00e9, robustesse et performance, s\u2019adaptant \u00e0 diff\u00e9rents styles de conduite.<\/p>\n\n\n\n<p>Tige de selle D-Fuse<br>En composite et dot\u00e9e d\u2019un profil en D exclusif, elle absorbe les vibrations pour une exp\u00e9rience de conduite plus fluide et r\u00e9active.<\/p>\n\n\n\n<p><a href=\"https:\/\/www.giant-bicycles.com\/fr\/registration\" target=\"_blank\" rel=\"noopener\">Enregistrez votre v\u00e9lo pour la garantie \u00e0 vie sur le cadre.<\/a><\/p>\n\n\n\n<div  class=\"download-block\">\n            <a href=\"https:\/\/rideandco.com\/giant\/wp-content\/uploads\/2025\/03\/liv-rove-2-fr-fr-3556.pdf\" class=\"download-link\" download>\n            <div class=\"download-content\">\n                <div class=\"download-text\">\n                    <strong>Fiche produit<\/strong>\n                    <span>pdf. 2,99 Mo<\/span>\n                <\/div>\n                <div class=\"download-icon\">\n                    <img loading=\"lazy\" decoding=\"async\" src=\"https:\/\/rideandco.com\/giant\/wp-content\/themes\/rideandco\/src\/img\/icons\/telechargement-vert.svg\" alt=\"Download Icon\" width=\"32\" height=\"32\">\n                <\/div>\n            <\/div>\n        <\/a>\n    <\/div>\n\n\n \n <!-- G\u00e9n\u00e9rer le bouton avec les classes appropri\u00e9es -->\n <a href=\"https:\/\/rideandco.com\/contacts-et-acces\" class=\"custom-button custom-button-style1\">\n     <span class=\"custom-button-text\">Contactez notre \u00e9quipe !<\/span>\n      <\/a>\n \n\n\n<h2 class=\"wp-block-heading\">Produits similaires<\/h2>\n\n\n<div id=\"product-slider-6a04c2df2bdfb\" class=\"product-grid-custom-slider\"><div class=\"slider-wrapper\"><div class=\"slider-slide\"><!-- Valeur r\u00e9cup\u00e9r\u00e9e : PROMO --><li style=\"padding-left: 0px;\n    margin-bottom: 10px;\" class=\"custom-product-card no-before product type-product post-119701 status-publish first outofstock product_cat-gravel-velo-route product_cat-devote product_cat-liv product_cat-velo-route has-post-thumbnail sold-individually taxable shipping-taxable purchasable product-type-variable\">\n    <div class=\"custom-product-card-content\">\n                <div class=\"product-image\">\n                            <div id=\"carousel-119701\" class=\"carousel\" data-product-id=\"119701\">\n                    <div class=\"carousel-inner\">\n                        <div class=\"carousel-item active\">\n                            <a href=\"https:\/\/rideandco.com\/giant\/velo-route\/gravel-velo-route\/devote-advanced-1-2026\/\">\n                                <img decoding=\"async\" src=\"https:\/\/rideandco.com\/giant\/wp-content\/uploads\/2026\/01\/devote-advanced-126.jpg\" alt=\"Devote Advanced 1 2026\">\n                            <\/a>\n                        <\/div>\n                                                    <div class=\"carousel-item\">\n                                <a href=\"https:\/\/rideandco.com\/giant\/velo-route\/gravel-velo-route\/devote-advanced-1-2026\/\">\n                                    <img decoding=\"async\" src=\"https:\/\/rideandco.com\/giant\/wp-content\/uploads\/2026\/01\/devoteadv12666.jpg\" alt=\"Devote Advanced 1 2026\">\n                                <\/a>\n                            <\/div>\n                                                    <div class=\"carousel-item\">\n                                <a href=\"https:\/\/rideandco.com\/giant\/velo-route\/gravel-velo-route\/devote-advanced-1-2026\/\">\n                                    <img decoding=\"async\" src=\"https:\/\/rideandco.com\/giant\/wp-content\/uploads\/2026\/01\/devoteadv126.jpg\" alt=\"Devote Advanced 1 2026\">\n                                <\/a>\n                            <\/div>\n                                            <\/div>\n                    <button class=\"carousel-control-prev\" data-target=\"#carousel-119701\" aria-label=\"Previous\">\n                        <img decoding=\"async\" src=\"https:\/\/rideandco.com\/giant\/wp-content\/themes\/rideandco\/src\/img\/icons\/fleche-gauche-blanche.svg\" alt=\"Pr\u00e9c\u00e9dent\" style=\"width: 60px; height: 60px;\">\n                    <\/button>\n                    <button class=\"carousel-control-next\" data-target=\"#carousel-119701\" aria-label=\"Next\">\n                        <img decoding=\"async\" src=\"https:\/\/rideandco.com\/giant\/wp-content\/themes\/rideandco\/src\/img\/icons\/fleche-droite-blanche.svg\" alt=\"Suivant\" style=\"width: 60px; height: 60px;\">\n                    <\/button>\n                <\/div>\n                <div class=\"carousel-indicators\" data-target=\"#carousel-119701\">\n                    <span class=\"active\"><\/span>\n                                            <span><\/span>\n                                            <span><\/span>\n                                    <\/div>\n                    <\/div>\n        <div class=\"product-info\">\n            <h2 class=\"woocommerce-loop-product__title\">\n                <a href=\"https:\/\/rideandco.com\/giant\/velo-route\/gravel-velo-route\/devote-advanced-1-2026\/\">Devote Advanced 1 2026<\/a>\n            <\/h2>\n                            <p class=\"product-type-de-velo\">V\u00e9lo gravel | LIV <\/p>\n                       \n            <div class=\"product-icons\">\n                                                                    <div class=\"icon-wrapper first-item\">\n                        <img decoding=\"async\" src=\"https:\/\/rideandco.com\/giant\/wp-content\/themes\/rideandco\/src\/img\/icons\/poids.svg\" alt=\"Weight Icon\" class=\"icon-with-tooltip\">\n                        <div class=\"tooltip custom-tooltip\">9.4kg taille S <\/div>\n                    <\/div>\n                                                                        <div class=\"icon-wrapper \">\n                        <img decoding=\"async\" src=\"https:\/\/rideandco.com\/giant\/wp-content\/themes\/rideandco\/src\/img\/icons\/type_de_jantes.svg\" alt=\"Jantes Icon\" class=\"icon-with-tooltip\">\n                        <div class=\"tooltip custom-tooltip\">Aluminium <\/div>\n                    <\/div>\n                                                                <\/div>           \n            <!-- Ajouter le tarif du produit ici -->\n            <!-- Affichage du prix -->\n            <div class=\"product-price-container\">\n                <div class=\"product-price-wrapper\">\n                    <span class=\"current-price\">3 400,00 \u20ac<sup>TTC<\/sup><\/span>                <\/div>\n\n                <!-- Affichage du financement mensuel -->\n                <div class=\"product-financing\">\n                    D\u00e8s <span class=\"monthly-paymentlist\">283\u20ac\/mois<\/span> financement sur 12 mois                <\/div>\n            <\/div>\n\n            <!-- Ajoutez ici vos options suppl\u00e9mentaires -->\n            <div class=\"product-options\">\n                <a href=\"https:\/\/rideandco.com\/giant\/velo-route\/gravel-velo-route\/devote-advanced-1-2026\/\" class=\"clickable-link\">\n                    Voir ce v\u00e9lo\n                    <img decoding=\"async\" src=\"https:\/\/rideandco.com\/giant\/wp-content\/themes\/rideandco\/src\/img\/icons\/fleche-droite-verte.svg\" alt=\"Fl\u00e8che droite\" class=\"arrow-icon\">\n                <\/a>\n                <div class=\"product-compare\" data-id=\"119701\">\n                    <a href=\"javascript:addToComparator(119701)\"\n                        class=\"link-add \">\n                        <img decoding=\"async\" src=\"https:\/\/rideandco.com\/giant\/wp-content\/themes\/rideandco\/src\/img\/icons\/ajouter_au_comparateur.svg\"\n                            alt=\"Ajouter au comparateur\"\n                        \/>\n                    <\/a>\n                    <a href=\"javascript:removeFromComparator(119701)\"\n                        class=\"link-remove hidden\">\n                        <img decoding=\"async\" src=\"https:\/\/rideandco.com\/giant\/wp-content\/themes\/rideandco\/src\/img\/icons\/retirer_du_comparateur_rouge.svg\"\n                            alt=\"Retirer du comparateur\"\n                        \/>\n                    <\/a>\n                    <span class=\"tooltip tooltip-add \">\n                        Ajouter au comparateur\n                    <\/span>\n                    <span class=\"tooltip tooltip-remove hidden\">\n                        Retirer du comparateur\n                    <\/span>\n                <\/div>\n            <\/div>\n        <\/div>\n    <\/div>\n<\/li><\/div><\/div><\/div>","protected":false},"excerpt":{"rendered":"<p>Soyez par\u00e9e \u00e0 l&rsquo;aventure avec le Rove 2, confortable, fiable et polyvalent.<\/p>\n","protected":false},"featured_media":118045,"comment_status":"closed","ping_status":"closed","template":"","meta":{"_acf_changed":true},"product_brand":[],"product_cat":[515,542,507,505],"product_tag":[543],"discipline":[],"class_list":{"0":"post-118040","1":"product","2":"type-product","3":"status-publish","4":"has-post-thumbnail","6":"product_cat-liv","7":"product_cat-rove","8":"product_cat-tout-chemin","9":"product_cat-ville-vtc","10":"product_tag-ok","12":"","13":"outofstock","14":"sold-individually","15":"taxable","16":"shipping-taxable","17":"purchasable","18":"product-type-variable"},"acf":{"infos_globales":{"nom_produit":"Rove 2","marque_velo":"LIV","annee":2024,"type_de_velo":"V\u00e9lo tout-chemin","assitance_velo":"V\u00e9lo musculaire","garantie_produit":"Cadre : \u00e0 vie \/ Composants, p\u00e9riph\u00e9riques et transmission : 2 ans","genre_du_produit":"femme","assurance_incluse":false,"taille__en_cm":["135","140","145","150","155","160","165","170","175","180"]},"cadre_velo":{"forme_du_cadre":"Mixte","cadre":"aluminium de qualit\u00e9 ALUXX","matiere_du_cadre":["Aluminium"],"marque_de_la_fourche":"SR Suntour","fourche":"SR Suntour NEX HLO 700C, 63 mm, disque","amortisseur":""},"systeme_moteur":{"moteur":"","batterie":"","details-batterie":"","simulateur_autonomie":"","autonomie":"","compteur":"","chargeur":""},"transmission":{"type_de_transmission":"mecanique","Manettes_commandes_de_vitesse":"Shimano CUES, 2x9","type_de_pedalier":"Shimano CUES, 30\/46 XS: 170mm, S: 170mm, M: 170mm, L: 175mm","derailleur_avant":"Shimano CUES FDU4010L","derailleur_arriere":"Shimano Alivio RDU3020","type_de_cassette":"Shimano CSLG3009, 11x36","type_de_chaine":"Shimano LG 500"},"type_de_freins":{"frein_av":"Tektro HD-M276 disque hydraulique 160 mm","frein_ar":"Tektro HD-M276, disque hydraulique 160 mm"},"roues":{"type-de-roues":"","type_de_jantes":"Giant GX Disc","matiere_jantes":"Aluminium","pneus":"Giant CrossCut, 700x42c, anti-crevaison","moyeu_av":"","moyeu_ar":""},"cockpit_poste_de_pilotage":{"type_de_guidon":"Giant Sport XC, 31.8mm XS: 640mm, S: 640mm, M: 680mm, L: 680mm","type_de_potence":"Giant Sport XS: 70mm, S: 80mm, M: 80mm, L: 90mm","type_de_selle":"Liv Ergo Contact","type_de_tige_de_selle":"Giant D-Fuse, aluminium XS: 300mm, S: 300mm, M: 300mm, L: 350mm","type_de_collier_de_selle":"","type_de_poignees":"Liv ErgoMax"},"particularite_du_velo":{"type_de_pedales":"","accessoires_du_velo":"","poids":"","poids_total_autorise":""}},"_links":{"self":[{"href":"https:\/\/rideandco.com\/giant\/wp-json\/wp\/v2\/product\/118040","targetHints":{"allow":["GET"]}}],"collection":[{"href":"https:\/\/rideandco.com\/giant\/wp-json\/wp\/v2\/product"}],"about":[{"href":"https:\/\/rideandco.com\/giant\/wp-json\/wp\/v2\/types\/product"}],"replies":[{"embeddable":true,"href":"https:\/\/rideandco.com\/giant\/wp-json\/wp\/v2\/comments?post=118040"}],"wp:featuredmedia":[{"embeddable":true,"href":"https:\/\/rideandco.com\/giant\/wp-json\/wp\/v2\/media\/118045"}],"wp:attachment":[{"href":"https:\/\/rideandco.com\/giant\/wp-json\/wp\/v2\/media?parent=118040"}],"wp:term":[{"taxonomy":"product_brand","embeddable":true,"href":"https:\/\/rideandco.com\/giant\/wp-json\/wp\/v2\/product_brand?post=118040"},{"taxonomy":"product_cat","embeddable":true,"href":"https:\/\/rideandco.com\/giant\/wp-json\/wp\/v2\/product_cat?post=118040"},{"taxonomy":"product_tag","embeddable":true,"href":"https:\/\/rideandco.com\/giant\/wp-json\/wp\/v2\/product_tag?post=118040"},{"taxonomy":"discipline","embeddable":true,"href":"https:\/\/rideandco.com\/giant\/wp-json\/wp\/v2\/discipline?post=118040"}],"curies":[{"name":"wp","href":"https:\/\/api.w.org\/{rel}","templated":true}]}}