{"id":117944,"date":"2025-03-04T16:21:30","date_gmt":"2025-03-04T15:21:30","guid":{"rendered":"https:\/\/rideandco.com\/giant\/?post_type=product&#038;p=117944"},"modified":"2026-05-13T06:01:17","modified_gmt":"2026-05-13T04:01:17","slug":"vtcae-livtempt-e-ex","status":"publish","type":"product","link":"https:\/\/rideandco.com\/giant\/vtt\/vtcae-livtempt-e-ex\/","title":{"rendered":"Tempt E+ EX"},"content":{"rendered":"\n<h2 class=\"wp-block-heading\">Tempt E+ EX : un v\u00e9lo tout-chemin au design soign\u00e9 et pratique<\/h2>\n\n\n\n<p><strong>Fiabilit\u00e9 et autonomie optimis\u00e9e<\/strong><br>Profitez d\u2019une plus grande libert\u00e9 gr\u00e2ce aux batteries EnergyPak. Le mod\u00e8le 500Wh du Tempt E+ EX offre une autonomie moyenne de 120 km, pouvant aller jusqu&rsquo;\u00e0 180 km, tandis que le mod\u00e8le 400Wh permet de rouler en moyenne 100 km, avec un maximum de 150 km*. *L\u2019autonomie r\u00e9elle varie selon plusieurs facteurs : mod\u00e8le de v\u00e9lo, poids du cycliste, d\u00e9nivel\u00e9, type de terrain et utilisation.<\/p>\n\n\n\n<p><strong>Batterie int\u00e9gr\u00e9e et design soign\u00e9<\/strong><br>L\u2019EnergyPak \u00e0 d\u00e9gagement lat\u00e9ral s\u2019int\u00e8gre parfaitement au cadre en aluminium ALUXX-Grade, l\u00e9ger et robuste, con\u00e7u sp\u00e9cialement pour les femmes selon la philosophie Liv.<\/p>\n\n\n\n<p><strong>Une assistance naturelle et fluide<\/strong><br>Avec un couple de 50 Nm, le moteur SyncDrive Core offre une conduite \u00e0 la fois puissante et naturelle au Tempt E+ EX, pour un p\u00e9dalage sans effort et une exp\u00e9rience plus agr\u00e9able.<\/p>\n\n\n\n<p><strong>Quelle distance puis-je parcourir avec une charge compl\u00e8te ?<\/strong><br>L\u2019autonomie d\u2019une batterie d\u00e9pend de nombreux facteurs, tels que le poids total (cycliste + charge), la r\u00e9sistance au vent, la pression des pneus, le type de terrain, le d\u00e9nivel\u00e9, la surface de la route ou du sentier, la temp\u00e9rature ext\u00e9rieure, l\u2019entretien du v\u00e9lo et l\u2019\u00e9tat g\u00e9n\u00e9ral de la batterie.<\/p>\n\n\n\n<p><strong>Hybrid Cycling : Une alliance parfaite entre \u00e9lectricit\u00e9 et p\u00e9dalage<\/strong><br>La technologie Hybrid Cycling associe la puissance du p\u00e9dalage \u00e0 l\u2019assistance \u00e9lectrique pour offrir une exp\u00e9rience en v\u00e9lo \u00e0 assistance \u00e9lectrique fluide, performante et naturelle. V\u00e9ritable prolongement des capacit\u00e9s de la cycliste, ce syst\u00e8me unique distingue les v\u00e9los Liv de la concurrence. Il repose sur quatre technologies innovantes qui s\u2019adaptent harmonieusement \u00e0 votre effort pour une conduite intuitive et efficace.<\/p>\n\n\n\n<p><strong>Smart Assist : Une assistance intelligente et progressive<\/strong><br>Gr\u00e2ce au mode Smart Assist, les jeunes cyclistes b\u00e9n\u00e9ficient d\u2019une acc\u00e9l\u00e9ration fluide et d\u2019une puissance ajust\u00e9e en temps r\u00e9el. Ce syst\u00e8me analyse avec pr\u00e9cision plusieurs param\u00e8tres gr\u00e2ce \u00e0 des capteurs avanc\u00e9s, garantissant une assistance \u00e9lectrique naturelle et optimis\u00e9e.<\/p>\n\n\n\n<p><strong>SyncDrive Core : Une conduite fluide et silencieuse<\/strong><br>Que vous vous promeniez en ville, exploriez de nouveaux sentiers ou partiez \u00e0 l\u2019aventure, le moteur SyncDrive Core vous accompagne avec fluidit\u00e9. Id\u00e9al pour les v\u00e9los \u00e9lectriques \u00e0 cadre bas, il procure une sensation de conduite naturelle et rassurante. Silencieux et performant, il d\u00e9livre une puissance adapt\u00e9e pour une exp\u00e9rience confortable et d\u00e9tendue.<\/p>\n\n\n\n<p>Les moteurs SyncDrive Core int\u00e8grent la technologie Smart Assist, qui ajuste automatiquement l\u2019assistance en fonction de vos besoins. Activez simplement le mode Smart Assist et laissez la technologie optimiser votre trajet pour une conduite sans effort.<\/p>\n\n\n\n<p><a href=\"https:\/\/www.giant-bicycles.com\/fr\/registration\" target=\"_blank\" rel=\"noopener\">Enregistrez votre LIV pour activer la garantie sur le cadre.<\/a><\/p>\n\n\n\n<div  class=\"download-block\">\n            <a href=\"https:\/\/rideandco.com\/giant\/wp-content\/uploads\/2025\/03\/liv-tempt-e-ex-fr-fr-3161.pdf\" class=\"download-link\" download>\n            <div class=\"download-content\">\n                <div class=\"download-text\">\n                    <strong>Fiche produit<\/strong>\n                    <span>pdf. 3,23 Mo<\/span>\n                <\/div>\n                <div class=\"download-icon\">\n                    <img loading=\"lazy\" decoding=\"async\" src=\"https:\/\/rideandco.com\/giant\/wp-content\/themes\/rideandco\/src\/img\/icons\/telechargement-vert.svg\" alt=\"Download Icon\" width=\"32\" height=\"32\">\n                <\/div>\n            <\/div>\n        <\/a>\n    <\/div>\n\n\n \n <!-- G\u00e9n\u00e9rer le bouton avec les classes appropri\u00e9es -->\n <a href=\"https:\/\/rideandco.com\/contacts-et-acces\" class=\"custom-button custom-button-style1\">\n     <span class=\"custom-button-text\">Contactez-nous !<\/span>\n      <\/a>\n \n\n\n<h2 class=\"wp-block-heading\">Produits similaires<\/h2>\n\n\n<div id=\"product-slider-6a04c2b81e3be\" class=\"product-grid-custom-slider\"><div class=\"slider-wrapper\"><div class=\"slider-slide\"><!-- Valeur r\u00e9cup\u00e9r\u00e9e : PROMO --><li style=\"padding-left: 0px;\n    margin-bottom: 10px;\" class=\"custom-product-card no-before product type-product post-119555 status-publish first instock product_cat-tempt product_cat-velo-enfant product_cat-liv has-post-thumbnail sold-individually taxable shipping-taxable purchasable product-type-simple\">\n    <div class=\"custom-product-card-content\">\n                <div class=\"product-image\">\n                            <a href=\"https:\/\/rideandco.com\/giant\/liv\/tempt\/liv-tempt-20-2026\/\">\n                    <img decoding=\"async\" src=\"https:\/\/rideandco.com\/giant\/wp-content\/uploads\/2026\/01\/tempt20.jpg\" alt=\"LIV Tempt 20 2026\">\n                <\/a>\n                    <\/div>\n        <div class=\"product-info\">\n            <h2 class=\"woocommerce-loop-product__title\">\n                <a href=\"https:\/\/rideandco.com\/giant\/liv\/tempt\/liv-tempt-20-2026\/\">LIV Tempt 20 2026<\/a>\n            <\/h2>\n                            <p class=\"product-type-de-velo\">V\u00e9lo enfant | LIV <\/p>\n                       \n            <div class=\"product-icons\">\n                                                                    <div class=\"icon-wrapper first-item\">\n                        <img decoding=\"async\" src=\"https:\/\/rideandco.com\/giant\/wp-content\/themes\/rideandco\/src\/img\/icons\/poids.svg\" alt=\"Weight Icon\" class=\"icon-with-tooltip\">\n                        <div class=\"tooltip custom-tooltip\">11.5kg <\/div>\n                    <\/div>\n                                                                        <div class=\"icon-wrapper \">\n                        <img decoding=\"async\" src=\"https:\/\/rideandco.com\/giant\/wp-content\/themes\/rideandco\/src\/img\/icons\/type_de_jantes.svg\" alt=\"Jantes Icon\" class=\"icon-with-tooltip\">\n                        <div class=\"tooltip custom-tooltip\">Aluminium <\/div>\n                    <\/div>\n                                                                <\/div>           \n            <!-- Ajouter le tarif du produit ici -->\n            <!-- Affichage du prix -->\n            <div class=\"product-price-container\">\n                <div class=\"product-price-wrapper\">\n                    <span class=\"current-price\">390,00 \u20ac<sup>TTC<\/sup><\/span>                <\/div>\n\n                <!-- Affichage du financement mensuel -->\n                <div class=\"product-financing\">\n                    D\u00e8s <span class=\"monthly-paymentlist\">33\u20ac\/mois<\/span> financement sur 12 mois                <\/div>\n            <\/div>\n\n            <!-- Ajoutez ici vos options suppl\u00e9mentaires -->\n            <div class=\"product-options\">\n                <a href=\"https:\/\/rideandco.com\/giant\/liv\/tempt\/liv-tempt-20-2026\/\" class=\"clickable-link\">\n                    Voir ce v\u00e9lo\n                    <img decoding=\"async\" src=\"https:\/\/rideandco.com\/giant\/wp-content\/themes\/rideandco\/src\/img\/icons\/fleche-droite-verte.svg\" alt=\"Fl\u00e8che droite\" class=\"arrow-icon\">\n                <\/a>\n                <div class=\"product-compare\" data-id=\"119555\">\n                    <a href=\"javascript:addToComparator(119555)\"\n                        class=\"link-add \">\n                        <img decoding=\"async\" src=\"https:\/\/rideandco.com\/giant\/wp-content\/themes\/rideandco\/src\/img\/icons\/ajouter_au_comparateur.svg\"\n                            alt=\"Ajouter au comparateur\"\n                        \/>\n                    <\/a>\n                    <a href=\"javascript:removeFromComparator(119555)\"\n                        class=\"link-remove hidden\">\n                        <img decoding=\"async\" src=\"https:\/\/rideandco.com\/giant\/wp-content\/themes\/rideandco\/src\/img\/icons\/retirer_du_comparateur_rouge.svg\"\n                            alt=\"Retirer du comparateur\"\n                        \/>\n                    <\/a>\n                    <span class=\"tooltip tooltip-add \">\n                        Ajouter au comparateur\n                    <\/span>\n                    <span class=\"tooltip tooltip-remove hidden\">\n                        Retirer du comparateur\n                    <\/span>\n                <\/div>\n            <\/div>\n        <\/div>\n    <\/div>\n<\/li><!-- Valeur r\u00e9cup\u00e9r\u00e9e : PROMO --><li style=\"padding-left: 0px;\n    margin-bottom: 10px;\" class=\"custom-product-card no-before product type-product post-119537 status-publish instock product_cat-tempt product_cat-velo-enfant product_cat-liv has-post-thumbnail sold-individually taxable shipping-taxable purchasable product-type-simple\">\n    <div class=\"custom-product-card-content\">\n                <div class=\"product-image\">\n                            <a href=\"https:\/\/rideandco.com\/giant\/liv\/tempt\/tempt-24-disc-2026\/\">\n                    <img decoding=\"async\" src=\"https:\/\/rideandco.com\/giant\/wp-content\/uploads\/2026\/01\/tempt2426.jpg\" alt=\"Tempt 24\u2019\u2019 Disc\">\n                <\/a>\n                    <\/div>\n        <div class=\"product-info\">\n            <h2 class=\"woocommerce-loop-product__title\">\n                <a href=\"https:\/\/rideandco.com\/giant\/liv\/tempt\/tempt-24-disc-2026\/\">Tempt 24\u2019\u2019 Disc<\/a>\n            <\/h2>\n                            <p class=\"product-type-de-velo\">V\u00e9lo enfant | LIV <\/p>\n                       \n            <div class=\"product-icons\">\n                                                                    <div class=\"icon-wrapper first-item\">\n                        <img decoding=\"async\" src=\"https:\/\/rideandco.com\/giant\/wp-content\/themes\/rideandco\/src\/img\/icons\/poids.svg\" alt=\"Weight Icon\" class=\"icon-with-tooltip\">\n                        <div class=\"tooltip custom-tooltip\">12.4kg <\/div>\n                    <\/div>\n                                                                                <\/div>           \n            <!-- Ajouter le tarif du produit ici -->\n            <!-- Affichage du prix -->\n            <div class=\"product-price-container\">\n                <div class=\"product-price-wrapper\">\n                    <span class=\"current-price\">430,00 \u20ac<sup>TTC<\/sup><\/span>                <\/div>\n\n                <!-- Affichage du financement mensuel -->\n                <div class=\"product-financing\">\n                    D\u00e8s <span class=\"monthly-paymentlist\">36\u20ac\/mois<\/span> financement sur 12 mois                <\/div>\n            <\/div>\n\n            <!-- Ajoutez ici vos options suppl\u00e9mentaires -->\n            <div class=\"product-options\">\n                <a href=\"https:\/\/rideandco.com\/giant\/liv\/tempt\/tempt-24-disc-2026\/\" class=\"clickable-link\">\n                    Voir ce v\u00e9lo\n                    <img decoding=\"async\" src=\"https:\/\/rideandco.com\/giant\/wp-content\/themes\/rideandco\/src\/img\/icons\/fleche-droite-verte.svg\" alt=\"Fl\u00e8che droite\" class=\"arrow-icon\">\n                <\/a>\n                <div class=\"product-compare\" data-id=\"119537\">\n                    <a href=\"javascript:addToComparator(119537)\"\n                        class=\"link-add \">\n                        <img decoding=\"async\" src=\"https:\/\/rideandco.com\/giant\/wp-content\/themes\/rideandco\/src\/img\/icons\/ajouter_au_comparateur.svg\"\n                            alt=\"Ajouter au comparateur\"\n                        \/>\n                    <\/a>\n                    <a href=\"javascript:removeFromComparator(119537)\"\n                        class=\"link-remove hidden\">\n                        <img decoding=\"async\" src=\"https:\/\/rideandco.com\/giant\/wp-content\/themes\/rideandco\/src\/img\/icons\/retirer_du_comparateur_rouge.svg\"\n                            alt=\"Retirer du comparateur\"\n                        \/>\n                    <\/a>\n                    <span class=\"tooltip tooltip-add \">\n                        Ajouter au comparateur\n                    <\/span>\n                    <span class=\"tooltip tooltip-remove hidden\">\n                        Retirer du comparateur\n                    <\/span>\n                <\/div>\n            <\/div>\n        <\/div>\n    <\/div>\n<\/li><!-- Valeur r\u00e9cup\u00e9r\u00e9e : PROMO --><li style=\"padding-left: 0px;\n    margin-bottom: 10px;\" class=\"custom-product-card no-before product type-product post-118588 status-publish last instock product_cat-vtt product_cat-liv product_cat-suspendu-avant product_cat-tempt product_tag-ok has-post-thumbnail sold-individually taxable shipping-taxable purchasable product-type-variable\">\n    <div class=\"custom-product-card-content\">\n                <div class=\"product-image\">\n                            <div id=\"carousel-118588\" class=\"carousel\" data-product-id=\"118588\">\n                    <div class=\"carousel-inner\">\n                        <div class=\"carousel-item active\">\n                            <a href=\"https:\/\/rideandco.com\/giant\/vtt\/tempt-0\/\">\n                                <img decoding=\"async\" src=\"https:\/\/rideandco.com\/giant\/wp-content\/uploads\/2025\/03\/tempt0.jpg\" alt=\"Tempt 0\">\n                            <\/a>\n                        <\/div>\n                                                    <div class=\"carousel-item\">\n                                <a href=\"https:\/\/rideandco.com\/giant\/vtt\/tempt-0\/\">\n                                    <img decoding=\"async\" src=\"https:\/\/rideandco.com\/giant\/wp-content\/uploads\/2025\/03\/tempt00.jpg\" alt=\"Tempt 0\">\n                                <\/a>\n                            <\/div>\n                                                    <div class=\"carousel-item\">\n                                <a href=\"https:\/\/rideandco.com\/giant\/vtt\/tempt-0\/\">\n                                    <img decoding=\"async\" src=\"https:\/\/rideandco.com\/giant\/wp-content\/uploads\/2025\/03\/tempt000.jpg\" alt=\"Tempt 0\">\n                                <\/a>\n                            <\/div>\n                                            <\/div>\n                    <button class=\"carousel-control-prev\" data-target=\"#carousel-118588\" aria-label=\"Previous\">\n                        <img decoding=\"async\" src=\"https:\/\/rideandco.com\/giant\/wp-content\/themes\/rideandco\/src\/img\/icons\/fleche-gauche-blanche.svg\" alt=\"Pr\u00e9c\u00e9dent\" style=\"width: 60px; height: 60px;\">\n                    <\/button>\n                    <button class=\"carousel-control-next\" data-target=\"#carousel-118588\" aria-label=\"Next\">\n                        <img decoding=\"async\" src=\"https:\/\/rideandco.com\/giant\/wp-content\/themes\/rideandco\/src\/img\/icons\/fleche-droite-blanche.svg\" alt=\"Suivant\" style=\"width: 60px; height: 60px;\">\n                    <\/button>\n                <\/div>\n                <div class=\"carousel-indicators\" data-target=\"#carousel-118588\">\n                    <span class=\"active\"><\/span>\n                                            <span><\/span>\n                                            <span><\/span>\n                                    <\/div>\n                    <\/div>\n        <div class=\"product-info\">\n            <h2 class=\"woocommerce-loop-product__title\">\n                <a href=\"https:\/\/rideandco.com\/giant\/vtt\/tempt-0\/\">Tempt 0<\/a>\n            <\/h2>\n                            <p class=\"product-type-de-velo\">VTT | LIV <\/p>\n                       \n            <div class=\"product-icons\">\n                                                                                    <div class=\"icon-wrapper first-item\">\n                        <img decoding=\"async\" src=\"https:\/\/rideandco.com\/giant\/wp-content\/themes\/rideandco\/src\/img\/icons\/type_de_jantes.svg\" alt=\"Jantes Icon\" class=\"icon-with-tooltip\">\n                        <div class=\"tooltip custom-tooltip\">Aluminium <\/div>\n                    <\/div>\n                                                                <\/div>           \n            <!-- Ajouter le tarif du produit ici -->\n            <!-- Affichage du prix -->\n            <div class=\"product-price-container\">\n                <div class=\"product-price-wrapper\">\n                    <span class=\"current-price\">1 150,00 \u20ac<sup>TTC<\/sup><\/span>                <\/div>\n\n                <!-- Affichage du financement mensuel -->\n                <div class=\"product-financing\">\n                    D\u00e8s <span class=\"monthly-paymentlist\">96\u20ac\/mois<\/span> financement sur 12 mois                <\/div>\n            <\/div>\n\n            <!-- Ajoutez ici vos options suppl\u00e9mentaires -->\n            <div class=\"product-options\">\n                <a href=\"https:\/\/rideandco.com\/giant\/vtt\/tempt-0\/\" class=\"clickable-link\">\n                    Voir ce v\u00e9lo\n                    <img decoding=\"async\" src=\"https:\/\/rideandco.com\/giant\/wp-content\/themes\/rideandco\/src\/img\/icons\/fleche-droite-verte.svg\" alt=\"Fl\u00e8che droite\" class=\"arrow-icon\">\n                <\/a>\n                <div class=\"product-compare\" data-id=\"118588\">\n                    <a href=\"javascript:addToComparator(118588)\"\n                        class=\"link-add \">\n                        <img decoding=\"async\" src=\"https:\/\/rideandco.com\/giant\/wp-content\/themes\/rideandco\/src\/img\/icons\/ajouter_au_comparateur.svg\"\n                            alt=\"Ajouter au comparateur\"\n                        \/>\n                    <\/a>\n                    <a href=\"javascript:removeFromComparator(118588)\"\n                        class=\"link-remove hidden\">\n                        <img decoding=\"async\" src=\"https:\/\/rideandco.com\/giant\/wp-content\/themes\/rideandco\/src\/img\/icons\/retirer_du_comparateur_rouge.svg\"\n                            alt=\"Retirer du comparateur\"\n                        \/>\n                    <\/a>\n                    <span class=\"tooltip tooltip-add \">\n                        Ajouter au comparateur\n                    <\/span>\n                    <span class=\"tooltip tooltip-remove hidden\">\n                        Retirer du comparateur\n                    <\/span>\n                <\/div>\n            <\/div>\n        <\/div>\n    <\/div>\n<\/li><\/div><\/div><\/div>","protected":false},"excerpt":{"rendered":"<p>Un v\u00e9lo hybride et polyvalent, entre villes et tout-terrain, soyez pr\u00eats \u00e0 affronter toutes les conditions avec le Tempt E+ EX.<\/p>\n","protected":false},"featured_media":117945,"comment_status":"closed","ping_status":"closed","template":"","meta":{"_acf_changed":false},"product_brand":[],"product_cat":[502,515,503,521],"product_tag":[543],"discipline":[560],"class_list":{"0":"post-117944","1":"product","2":"type-product","3":"status-publish","4":"has-post-thumbnail","6":"product_cat-vtt","7":"product_cat-liv","8":"product_cat-suspendu-avant","9":"product_cat-tempt","10":"product_tag-ok","12":"first","13":"instock","14":"sold-individually","15":"taxable","16":"shipping-taxable","17":"purchasable","18":"product-type-variable"},"acf":{"infos_globales":{"nom_produit":"Tempt E+ EX","marque_velo":"LIV","annee":2025,"type_de_velo":"VTT","assitance_velo":"V\u00e9lo \u00e9lectrique","garantie_produit":"Cadre : 10 ans \/ Composants, transmission et p\u00e9riph\u00e9riques : 2 ans","genre_du_produit":"femme","assurance_incluse":true,"taille__en_cm":["145","150","155","160","165","170","175","180","185","190"]},"cadre_velo":{"forme_du_cadre":"Haut","cadre":"Aluminium ALUXX, tube de direction Overdrive 1\u00bd - 1\u215b\", support de b\u00e9quille KSA18 int\u00e9gr\u00e9","matiere_du_cadre":["Aluminium"],"marque_de_la_fourche":"SR Suntour","fourche":"SR Suntour XCM 32 ATB Coil, NLO, 29\"\/27,5\", d\u00e9battement de 100 mm, pivot conique 1\u00bd - 1\u215b\" (XS-S : 27,5\", ML : 29\")","amortisseur":""},"systeme_moteur":{"moteur":"SyncDrive Core , 50 Nm, aliment\u00e9 par Yamaha","batterie":"500Wh","details-batterie":"Batterie lithium-ion rechargeable EnergyPak 500, 36 V, 11,6 Ah","simulateur_autonomie":"","autonomie":"","compteur":"Tableau de bord RideControl","chargeur":""},"transmission":{"type_de_transmission":"mecanique","Manettes_commandes_de_vitesse":"Shimano Altus","type_de_pedalier":"FSA Comet pour v\u00e9lo \u00e9lectrique FSA MegaTooth Montage direct 1X en acier 36T","derailleur_avant":"","derailleur_arriere":"Shimano Alivio M3100, 9 vitesses","type_de_cassette":"Shimano CS-HG200, 11-36 dents","type_de_chaine":"KMC e.9 Sport, v\u00e9lo \u00e9lectrique optimis\u00e9"},"type_de_freins":{"frein_av":"Tektro HD-M286, disque hydraulique, 180 mm","frein_ar":"Tektro HD-M286, disque hydraulique, 160 mm"},"roues":{"type-de-roues":"","type_de_jantes":"Liv, GX03V, 27,5\/29 pouces, aluminium (XS-S : 27,5, ML : 29 pouces)","matiere_jantes":"Aluminium","pneus":"Maxxis Rekon Race 27,5 x 2,25\" \/ 29 x 2,25\", tringle m\u00e9tallique, double compos\u00e9 60 TPI (XS-S : 27,5, ML : 29 pouces)","moyeu_av":"eTracker Sport giant, 9 mm QR","moyeu_ar":"eTracker Sport giant 135 mm QR"},"cockpit_poste_de_pilotage":{"type_de_guidon":"Riser Giant Connect TR 31,8 x 750 mm (XS-S), 780 mm (ML)","type_de_potence":"Giant Contact","type_de_selle":"Liv Sport","type_de_tige_de_selle":"Giant 30.9mm, 2-bolt Micro Adjustable, Forged AluminiumGiant 30.9mm, 2-bolt Micro Adjustable, Forged AluminiumGiant 30.9mm","type_de_collier_de_selle":"","type_de_poignees":""},"particularite_du_velo":{"type_de_pedales":"","accessoires_du_velo":"","poids":"","poids_total_autorise":""}},"_links":{"self":[{"href":"https:\/\/rideandco.com\/giant\/wp-json\/wp\/v2\/product\/117944","targetHints":{"allow":["GET"]}}],"collection":[{"href":"https:\/\/rideandco.com\/giant\/wp-json\/wp\/v2\/product"}],"about":[{"href":"https:\/\/rideandco.com\/giant\/wp-json\/wp\/v2\/types\/product"}],"replies":[{"embeddable":true,"href":"https:\/\/rideandco.com\/giant\/wp-json\/wp\/v2\/comments?post=117944"}],"wp:featuredmedia":[{"embeddable":true,"href":"https:\/\/rideandco.com\/giant\/wp-json\/wp\/v2\/media\/117945"}],"wp:attachment":[{"href":"https:\/\/rideandco.com\/giant\/wp-json\/wp\/v2\/media?parent=117944"}],"wp:term":[{"taxonomy":"product_brand","embeddable":true,"href":"https:\/\/rideandco.com\/giant\/wp-json\/wp\/v2\/product_brand?post=117944"},{"taxonomy":"product_cat","embeddable":true,"href":"https:\/\/rideandco.com\/giant\/wp-json\/wp\/v2\/product_cat?post=117944"},{"taxonomy":"product_tag","embeddable":true,"href":"https:\/\/rideandco.com\/giant\/wp-json\/wp\/v2\/product_tag?post=117944"},{"taxonomy":"discipline","embeddable":true,"href":"https:\/\/rideandco.com\/giant\/wp-json\/wp\/v2\/discipline?post=117944"}],"curies":[{"name":"wp","href":"https:\/\/api.w.org\/{rel}","templated":true}]}}