{"id":47,"date":"2024-05-24T16:57:35","date_gmt":"2024-05-24T14:57:35","guid":{"rendered":"https:\/\/rideandco.com\/giant\/?page_id=47"},"modified":"2026-02-05T09:56:19","modified_gmt":"2026-02-05T08:56:19","slug":"ride-co","status":"publish","type":"page","link":"https:\/\/rideandco.com\/giant\/","title":{"rendered":"GIANT Montpellier"},"content":{"rendered":"\n<div  class=\"title-subtitle-block\">\n    <h2 class=\"title-subtitle__title\">D\u00e9couvrez nos offres<\/h2>\n            <p class=\"title-subtitle__subtitle\">Vous cherchez la bonne affaire  ?<\/p>\n    <\/div>\n\n\n\n<div class=\"latest-offers-block\">\n    <div class=\"offers-container swiper\" id=\"latest-offers\">\n                    <div class=\"swiper-wrapper\">\n                                    <div class=\"offer swiper-slide\">\n                        <div class=\"offer-background\" style=\"background-image: url('https:\/\/rideandco.com\/giant\/wp-content\/themes\/rideandco\/src\/img\/background-offres.png');\">\n                            <div class=\"offer-content\">\n                                <h2 class=\"offer-title\">Les Prix fous chez GIANT Montpellier<\/h2>\n                            <\/div>\n                            <a href=\"https:\/\/rideandco.com\/giant\/offres\/les-prix-fous-chez-giant-montpellier\/\" class=\"offer-link\">\n                                D\u00e9couvrir <span class=\"offer-arrow\">&rarr;<\/span>\n                            <\/a>\n                        <\/div>\n                        <div class=\"offer-thumbnail\">\n                                                        <img decoding=\"async\" src=\"https:\/\/rideandco.com\/giant\/wp-content\/uploads\/2026\/04\/Giant_PrixFous_Sem1_1920x1000.jpg\" alt=\"Les Prix fous chez GIANT Montpellier\">\n                        <\/div>\n                    <\/div>\n                                    <div class=\"offer swiper-slide\">\n                        <div class=\"offer-background\" style=\"background-image: url('https:\/\/rideandco.com\/giant\/wp-content\/themes\/rideandco\/src\/img\/background-offres.png');\">\n                            <div class=\"offer-content\">\n                                <h2 class=\"offer-title\">D\u00e9couvrez nos v\u00e9los de location \u00e0 partir de 19\u20ac<\/h2>\n                            <\/div>\n                            <a href=\"https:\/\/rideandco.com\/giant\/offres\/decouvrez-nos-velos-de-location-a-partir-de-19e\/\" class=\"offer-link\">\n                                D\u00e9couvrir <span class=\"offer-arrow\">&rarr;<\/span>\n                            <\/a>\n                        <\/div>\n                        <div class=\"offer-thumbnail\">\n                                                        <img decoding=\"async\" src=\"https:\/\/rideandco.com\/giant\/wp-content\/uploads\/2024\/10\/Giant_Defy_Elite-3418.jpg\" alt=\"D\u00e9couvrez nos v\u00e9los de location \u00e0 partir de 19\u20ac\">\n                        <\/div>\n                    <\/div>\n                                    <div class=\"offer swiper-slide\">\n                        <div class=\"offer-background\" style=\"background-image: url('https:\/\/rideandco.com\/giant\/wp-content\/themes\/rideandco\/src\/img\/background-offres.png');\">\n                            <div class=\"offer-content\">\n                                <h2 class=\"offer-title\">Assurance v\u00e9lo \u00e0 1\u20ac<\/h2>\n                            <\/div>\n                            <a href=\"https:\/\/rideandco.com\/giant\/offres\/assurance-vol-casse-et-assistance-a-1e\/\" class=\"offer-link\">\n                                D\u00e9couvrir <span class=\"offer-arrow\">&rarr;<\/span>\n                            <\/a>\n                        <\/div>\n                        <div class=\"offer-thumbnail\">\n                                                        <img decoding=\"async\" src=\"https:\/\/rideandco.com\/giant\/wp-content\/uploads\/2024\/10\/Offre-RC-assurance-velo.jpg\" alt=\"Assurance v\u00e9lo \u00e0 1\u20ac\">\n                        <\/div>\n                    <\/div>\n                                            <\/div>\n            <div class=\"swiper-pagination\"><\/div>\n            <\/div>\n<\/div>\n\n\n\n<div  class=\"title-subtitle-block\">\n    <h2 class=\"title-subtitle__title\">Les avantages GIANT Montpellier<\/h2>\n    <\/div>\n\n\n\n<div  class=\"four-images-text-block images-count-4\">\n    <div class=\"images-container\">\n                                    <div class=\"image-item image-item-1\">\n                                            <img decoding=\"async\" src=\"https:\/\/rideandco.com\/giant\/wp-content\/uploads\/2025\/03\/locationvelo-giant.jpg\" \n                             alt=\"\"\n                             loading=\"lazy\" \/>\n                                                                <p class=\"image-text\">Location  et tests<\/p>\n                                    <\/div>\n                            <div class=\"image-item image-item-2\">\n                                            <img decoding=\"async\" src=\"https:\/\/rideandco.com\/giant\/wp-content\/uploads\/2025\/03\/atelier-giant.jpg\" \n                             alt=\"\"\n                             loading=\"lazy\" \/>\n                                                                <p class=\"image-text\">Premi\u00e8re r\u00e9vision gratuite<\/p>\n                                    <\/div>\n                            <div class=\"image-item image-item-3\">\n                                            <img decoding=\"async\" src=\"https:\/\/rideandco.com\/giant\/wp-content\/uploads\/2025\/03\/reparationsansrdv-giant.jpg\" \n                             alt=\"\"\n                             loading=\"lazy\" \/>\n                                                                <p class=\"image-text\">R\u00e9paration sans  rendez-vous<\/p>\n                                    <\/div>\n                            <div class=\"image-item image-item-4\">\n                                            <img decoding=\"async\" src=\"https:\/\/rideandco.com\/giant\/wp-content\/uploads\/2025\/03\/rachat-reprise-giant.jpg\" \n                             alt=\"\"\n                             loading=\"lazy\" \/>\n                                                                <p class=\"image-text\">Rachat &#8211;  Reprise<\/p>\n                                    <\/div>\n                        <\/div>\n<\/div>\n\n\n<div  class=\"latest-news-block alignwide\">\n    <div class=\"latest-news-header\">\n        <h2 class=\"latest-news-title\">Conseils &amp; actu<\/h2>\n        <p class=\"latest-news-subtitle\">D\u00e9couvrez le v\u00e9lo qui vous convient le mieux gr\u00e2ce  \u00e0 nos actualit\u00e9s et guides.<\/p>\n    <\/div>\n    <div class=\"news-container\">\n                    <div class=\"swiper-wrapper\">\n                                    <div class=\"news-item\">\n                        <div class=\"news-thumbnail\">\n                            <img loading=\"lazy\" decoding=\"async\" width=\"1080\" height=\"536\" src=\"https:\/\/rideandco.com\/giant\/wp-content\/uploads\/2024\/06\/article-RC-Lunettes-de-soleil-oakley.jpg\" class=\"attachment-full size-full wp-post-image\" alt=\"Lunettes de soleil oakley\" srcset=\"https:\/\/rideandco.com\/giant\/wp-content\/uploads\/2024\/06\/article-RC-Lunettes-de-soleil-oakley.jpg 1080w, https:\/\/rideandco.com\/giant\/wp-content\/uploads\/2024\/06\/article-RC-Lunettes-de-soleil-oakley-300x149.jpg 300w, https:\/\/rideandco.com\/giant\/wp-content\/uploads\/2024\/06\/article-RC-Lunettes-de-soleil-oakley-1024x508.jpg 1024w, https:\/\/rideandco.com\/giant\/wp-content\/uploads\/2024\/06\/article-RC-Lunettes-de-soleil-oakley-768x381.jpg 768w, https:\/\/rideandco.com\/giant\/wp-content\/uploads\/2024\/06\/article-RC-Lunettes-de-soleil-oakley-416x206.jpg 416w\" sizes=\"auto, (max-width: 1080px) 100vw, 1080px\" \/>                        <\/div>\n                        <div class=\"news-content\">\n                            <h3 class=\"news-title\">\n                                Lunettes de soleil Oakley pour homme, femme et enfant                            <\/h3>\n                            <p class=\"news-excerpt\">\n                                D\u00e9couvrez notre large s\u00e9lection de lunettes de soleil Oakley disponible en magasin, adapt\u00e9es pour les&#8230;                            <\/p>\n                            <a href=\"https:\/\/rideandco.com\/giant\/lunettes-de-soleil-oakley\/\" class=\"news-read-more\">\n                                Lire l&rsquo;article\n                                <span class=\"news-arrow\">&rarr;<\/span>\n                            <\/a>\n                        <\/div>\n                    <\/div>\n                                    <div class=\"news-item\">\n                        <div class=\"news-thumbnail\">\n                            <img loading=\"lazy\" decoding=\"async\" width=\"1080\" height=\"536\" src=\"https:\/\/rideandco.com\/giant\/wp-content\/uploads\/2024\/05\/Comment-gonfler-un-pneu-de-velo-guide-et-conseils-article-1.jpg\" class=\"attachment-full size-full wp-post-image\" alt=\"\" srcset=\"https:\/\/rideandco.com\/giant\/wp-content\/uploads\/2024\/05\/Comment-gonfler-un-pneu-de-velo-guide-et-conseils-article-1.jpg 1080w, https:\/\/rideandco.com\/giant\/wp-content\/uploads\/2024\/05\/Comment-gonfler-un-pneu-de-velo-guide-et-conseils-article-1-300x149.jpg 300w, https:\/\/rideandco.com\/giant\/wp-content\/uploads\/2024\/05\/Comment-gonfler-un-pneu-de-velo-guide-et-conseils-article-1-1024x508.jpg 1024w, https:\/\/rideandco.com\/giant\/wp-content\/uploads\/2024\/05\/Comment-gonfler-un-pneu-de-velo-guide-et-conseils-article-1-768x381.jpg 768w, https:\/\/rideandco.com\/giant\/wp-content\/uploads\/2024\/05\/Comment-gonfler-un-pneu-de-velo-guide-et-conseils-article-1-416x206.jpg 416w\" sizes=\"auto, (max-width: 1080px) 100vw, 1080px\" \/>                        <\/div>\n                        <div class=\"news-content\">\n                            <h3 class=\"news-title\">\n                                Comment gonfler un pneu de v\u00e9lo : guide et conseils                            <\/h3>\n                            <p class=\"news-excerpt\">\n                                Comment gonfler un pneu de v\u00e9lo ? Gonfler un pneu de v\u00e9lo peut sembler simple,&#8230;                            <\/p>\n                            <a href=\"https:\/\/rideandco.com\/giant\/comment-gonfler-un-pneu-de-velo\/\" class=\"news-read-more\">\n                                Lire l&rsquo;article\n                                <span class=\"news-arrow\">&rarr;<\/span>\n                            <\/a>\n                        <\/div>\n                    <\/div>\n                                    <div class=\"news-item\">\n                        <div class=\"news-thumbnail\">\n                            <img loading=\"lazy\" decoding=\"async\" width=\"1080\" height=\"536\" src=\"https:\/\/rideandco.com\/giant\/wp-content\/uploads\/2024\/05\/article-RC-VTT-electrique-semi-rigide-ou-tout-suspendu.jpg\" class=\"attachment-full size-full wp-post-image\" alt=\"VTT \u00e9lectrique semi-rigide ou tout suspendu\" srcset=\"https:\/\/rideandco.com\/giant\/wp-content\/uploads\/2024\/05\/article-RC-VTT-electrique-semi-rigide-ou-tout-suspendu.jpg 1080w, https:\/\/rideandco.com\/giant\/wp-content\/uploads\/2024\/05\/article-RC-VTT-electrique-semi-rigide-ou-tout-suspendu-300x149.jpg 300w, https:\/\/rideandco.com\/giant\/wp-content\/uploads\/2024\/05\/article-RC-VTT-electrique-semi-rigide-ou-tout-suspendu-1024x508.jpg 1024w, https:\/\/rideandco.com\/giant\/wp-content\/uploads\/2024\/05\/article-RC-VTT-electrique-semi-rigide-ou-tout-suspendu-768x381.jpg 768w, https:\/\/rideandco.com\/giant\/wp-content\/uploads\/2024\/05\/article-RC-VTT-electrique-semi-rigide-ou-tout-suspendu-416x206.jpg 416w\" sizes=\"auto, (max-width: 1080px) 100vw, 1080px\" \/>                        <\/div>\n                        <div class=\"news-content\">\n                            <h3 class=\"news-title\">\n                                D\u00e9couvrez quel VTT \u00e9lectrique choisir : semi-rigide ou tout suspendu ?                            <\/h3>\n                            <p class=\"news-excerpt\">\n                                Lorsque vous vous lancez dans le monde passionnant du VTT \u00e9lectrique, l&rsquo;une des d\u00e9cisions les&#8230;                            <\/p>\n                            <a href=\"https:\/\/rideandco.com\/giant\/vtt-electrique-semi-rigide-ou-tout-suspendu\/\" class=\"news-read-more\">\n                                Lire l&rsquo;article\n                                <span class=\"news-arrow\">&rarr;<\/span>\n                            <\/a>\n                        <\/div>\n                    <\/div>\n                                            <\/div>\n            <div class=\"swiper-pagination\"><\/div>\n            <\/div>\n<\/div>\n","protected":false},"excerpt":{"rendered":"","protected":false},"author":1,"featured_media":0,"parent":0,"menu_order":0,"comment_status":"closed","ping_status":"closed","template":"template-homepage.php","meta":{"_acf_changed":true,"two_page_speed":null,"footnotes":""},"class_list":["post-47","page","type-page","status-publish","hentry"],"acf":[],"_links":{"self":[{"href":"https:\/\/rideandco.com\/giant\/wp-json\/wp\/v2\/pages\/47","targetHints":{"allow":["GET"]}}],"collection":[{"href":"https:\/\/rideandco.com\/giant\/wp-json\/wp\/v2\/pages"}],"about":[{"href":"https:\/\/rideandco.com\/giant\/wp-json\/wp\/v2\/types\/page"}],"author":[{"embeddable":true,"href":"https:\/\/rideandco.com\/giant\/wp-json\/wp\/v2\/users\/1"}],"replies":[{"embeddable":true,"href":"https:\/\/rideandco.com\/giant\/wp-json\/wp\/v2\/comments?post=47"}],"version-history":[{"count":17,"href":"https:\/\/rideandco.com\/giant\/wp-json\/wp\/v2\/pages\/47\/revisions"}],"predecessor-version":[{"id":119861,"href":"https:\/\/rideandco.com\/giant\/wp-json\/wp\/v2\/pages\/47\/revisions\/119861"}],"wp:attachment":[{"href":"https:\/\/rideandco.com\/giant\/wp-json\/wp\/v2\/media?parent=47"}],"curies":[{"name":"wp","href":"https:\/\/api.w.org\/{rel}","templated":true}]}}